ivided by v?
8
Let q = 343 + -278. What is the remainder when 1038 is divided by q?
63
Let b = -1739 + 1843. What is the remainder when 727 is divided by b?
103
Suppose -2*c + c + 47 = 2*f, 0 = 5*f - 2*c - 95. Let s be (-191)/(-4) + (-6)/(-24). Calculate the remainder when 1956/s + 1/4 is divided by f.
20
Let p be 3/1 + -5 + 4. Suppose -2*j = -0*j - 2*m - 64, -61 = -p*j - m. Let b(s) = s**3 - 2*s**2 + s - 3. Calculate the remainder when j is divided by b(3).
4
Let q be (7/28)/(1*1/(-4)). Let r = 1 - q. Let j(a) = -a**3 - 7*a**2 + 4. Calculate the remainder when j(-7) is divided by r.
0
Let s = -13 + 41. Let u(p) = p**3 + 4*p**2 - 3. Let k be u(-4). Calculate the remainder when 1/(-1)*-4 - 231/k is divided by s.
25
Let g(p) = 10 + 27*p**2 - 17*p - 50*p**2 + 25*p**2. Calculate the remainder when 111 is divided by g(9).
16
Let y(g) = g**2 - 5*g - 18. Let o be y(8). Suppose o*t + 80 = 11*t. Calculate the remainder when 125 is divided by t.
13
Suppose 3*w + k = 44, 60 = 5*w - 2*k - 3*k. Let d = w + -12. What is the remainder when d is divided by 2?
0
Suppose 31*x - 943 = -10*x. What is the remainder when x is divided by 12?
11
Suppose -10 = 5*k - 2*r, -k = k + 5*r - 25. Suppose -i + 26 - 9 = k. Suppose 5*u = 6*u - 49. What is the remainder when u is divided by i?
15
Suppose -70 = 4*b + 14. Let o = b - -37. Suppose -9*r = -8*r - o. Calculate the remainder when 79 is divided by r.
15
Suppose -469 = 7*l - 119. Let t = l + 54. Calculate the remainder when 11 is divided by t.
3
Let f = 809 - 722. What is the remainder when f is divided by 35?
17
Let j(n) = -10*n + 2. Let l be j(-3). Let b = l + -21. What is the remainder when 30 is divided by b?
8
Let m(v) = -6*v - 19. Let t be m(-4). Let p = t + 7. What is the remainder when p is divided by 7?
5
Calculate the remainder when 99 is divided by -4 + 6/(-33) + 686/22.
18
Suppose 2*c - 8 = -0*c. Suppose g - 10 = w - 1, 5*g = -c*w. Suppose 40 = 9*j - g*j. What is the remainder when 15 is divided by j?
7
Let m(v) = 2*v**3 - v**2 - 15*v - 5. What is the remainder when 77 is divided by m(4)?
30
Suppose -4*w + 93 + 739 = 0. Calculate the remainder when w is divided by 57.
37
Let w(p) = 59*p**2 + 3*p - 1. Let h be w(2). Suppose h = 5*k - b - 289, b + 5 = 0. Calculate the remainder when k is divided by (-1 + 36)/1 + 1.
33
Suppose -3*n + 6*o = 3*o - 129, -3*n + 4*o + 132 = 0. What is the remainder when (-398)/(-3)*(-12)/(-8) is divided by n?
39
Suppose -4*b = -5 - 67. What is the remainder when 97 is divided by b?
7
Suppose 0 = -q + 6*q - 5. Calculate the remainder when (-14)/84 + ((-190)/(-12))/5 is divided by q.
0
Let c = 89 - 64. Suppose 7*f - f = -138. Let v = f - -37. What is the remainder when c is divided by v?
11
Let i be -13 + 0 + 1/1. Let m = -172 - -121. Let w = i - m. Calculate the remainder when w is divided by 20.
19
Let y(b) = 3*b + 41*b**2 - 80*b**2 + 42*b**2. What is the remainder when 10 is divided by y(-2)?
4
Let a be 4/(-12) - (-988)/12. Let v = 101 - a. Calculate the remainder when 54 is divided by v.
16
Let v(m) = 2*m**3 - 117*m**2 - 176*m - 201. Let g = -336 + 607. Calculate the remainder when g is divided by v(60).
37
Let d = 351 - 221. Suppose 11*j = 6*j - d. Let l = j + 30. Calculate the remainder when 14 is divided by l.
2
Let o(j) = -244*j - 336. What is the remainder when o(-3) is divided by 75?
21
Let t(f) = -23*f - 21. Let j be t(-6). Calculate the remainder when 24 is divided by ((-2)/3)/((-6)/j).
11
Let k = -26 + 30. Calculate the remainder when (6/8)/(1/4) is divided by -1*k/2 + 5.
0
Let r(n) = -3*n - 7. Let a be r(-7). Let i = 16 - a. Suppose i*j - 11 - 17 = 0. Calculate the remainder when j is divided by 8.
6
Let f = 32 + -16. Let h(n) = 20*n**2 - 3*n + 2. Let p be h(1). Suppose -p*z - 232 = -27*z. Calculate the remainder when z is divided by f.
13
Let r(v) = v + 3. Let f be r(11). Suppose -o = -f - 12. Let m = 1 + o. What is the remainder when m is divided by 7?
6
What is the remainder when (-1)/(((-5)/(-570))/(-1)) is divided by 9?
6
What is the remainder when 102/3 - 13/(-13) is divided by 14?
7
Let j = 21 + -48. What is the remainder when ((-18)/(-27))/((-2)/j) is divided by 5?
4
Suppose -2*d + 4*j = 96, -5*j + 142 + 47 = -4*d. Let b = d - -67. What is the remainder when 80 is divided by b?
17
Let p = 4 + -4. Suppose p = c - 5*v - 22, c - v - 46 = -2*v. Calculate the remainder when 165 is divided by c.
39
Let y = 69 + -66. Suppose -19 = -4*q + y*q - o, -3*o = 0. What is the remainder when q is divided by 12?
7
Suppose -3*j + 10*u - 5*u + 18 = 0, 12 = 2*j + 3*u. Suppose i + j = 34. Calculate the remainder when i is divided by 15.
13
Let c be 23/4 - 57/76. Let r(y) = y**3 - 2*y**2 - 4*y + 1. Let d be r(5). Suppose j = c*j - d. What is the remainder when j is divided by 8?
6
Let w(f) = 8*f**2 + 3*f + 2. Let s be w(2). Suppose 0*h - s = -n - h, 2*n + 3*h = 76. Calculate the remainder when n is divided by 24.
20
Suppose -14*g + 904 = -6*g. What is the remainder when g is divided by 29?
26
Suppose 0 = -k + 31 - 17. Suppose 5*p - k = 4*p. What is the remainder when 34 is divided by p?
6
Let u(f) = -f**3 + 7*f**2 - 6*f + 6. Suppose -d - 6 + 5 = 0. What is the remainder when d/2 + 19/2 is divided by u(6)?
3
Suppose -142*w - 99 = -143*w. Let d = 39 + -14. Calculate the remainder when w is divided by d.
24
Let p = 35 - 26. Suppose -120 = z - p*z. What is the remainder when 44 is divided by z?
14
Let x(a) be the third derivative of a**6/120 + 3*a**5/20 + 7*a**4/12 - a**3/6 + 4*a**2. Calculate the remainder when (132/1)/2*1 is divided by x(-6).
20
Suppose h + 10 = -22. Let z(y) = 6*y**3 + 15*y**2 - 29*y + 4. Let p be z(2). Let u = h + p. Calculate the remainder when 63 is divided by u.
19
Suppose 0 = 4*y - 5*y + 13. Let z(k) = k + 6. Let r be z(y). Let w = -5 + r. What is the remainder when 26 is divided by w?
12
Let g = 74 - 133. Let o = -42 - g. What is the remainder when 32 is divided by o?
15
Let t = 25 + -21. Suppose -9 = q - 4*q, 4*z - t*q = -40. Let r(g) = 2*g + 24. What is the remainder when 16 is divided by r(z)?
6
Suppose -23*v - 20 = -18*v. Calculate the remainder when -4 + 5145/60 + (-1)/v is divided by 17.
14
Let t(m) = -7*m - 16. What is the remainder when t(-11) is divided by 36?
25
Suppose -4*j = -38 - 46. Let r = -1038 + 1142. What is the remainder when r is divided by j?
20
Calculate the remainder when 126 is divided by 12*(-64)/(-18)*(-27)/(-36).
30
Suppose -2*w + 286 = 60. Calculate the remainder when w is divided by 13.
9
Let x(d) = -d + 15. Suppose 0 = n + 2*n - 27. What is the remainder when 29 is divided by x(n)?
5
Let r = -3 - 3. What is the remainder when r*111/6*-1 is divided by 29?
24
Let f = -145 + 150. Suppose -c = f*c - 84. What is the remainder when 110 is divided by c?
12
Suppose -4*n + 14 = 2*b - 30, -5*b = 10. Let w = -2 + n. Calculate the remainder when 19 is divided by w.
9
Suppose 3*y + 2*y - 15 = 0. What is the remainder when ((-57)/y - -1)*-1 is divided by 5?
3
Let n = -9 - -13. Suppose -2*r + 5*v = -4*r + 48, 5*r + n*v = 154. Suppose -2*b - 10 = -r. What is the remainder when 46 is divided by b?
10
Let b(u) = -22*u**3 - u**2 - 2*u - 1. Let f = 1 + -2. What is the remainder when b(f) is divided by 6?
4
Let i be (-183)/(-27) - 4/(-18). Suppose -50 = -4*k - 2*m, -3*k - 3*m + 65 = -i*m. Calculate the remainder when k is divided by 8.
7
Let j = -41 - -45. Calculate the remainder when j is divided by (6 - 1) + -10 + 7.
0
What is the remainder when (-48)/16*181/(-3) is divided by (46/6)/((-2)/(-12))?
43
Suppose 4*p - 9005 - 4611 = 0. Calculate the remainder when 38 is divided by p/333 - ((-2)/(-9) - 0).
8
Let q = -43 + 8. Let w be (-14)/q + 16/10. Calculate the remainder when 26 is divided by (-6)/2 + w - -8.
5
Suppose 0 = 5*i + 96 - 831. What is the remainder when i is divided by 31?
23
Let y = -603 - -612. Let n be -1 + 5 + 2/(-2). Suppose n*b = b + 6. Calculate the remainder when y is divided by b.
0
Suppose 2*s - 19 = -7. Suppose 0*g + 8*g - 11*g = 0. Suppose g = -s*i + 21 - 3. What is the remainder when 14 is divided by i?
2
Let h(u) = 21*u - 6*u + 4 + 63*u. Calculate the remainder when h(1) is divided by 29.
24
Suppose -i + 7*i - 270 = 0. What is the remainder when 313 is divided by i?
43
Let u be ((-1395)/(-30))/((-2)/(-4)). Suppose -98*v + u*v